 i(c)?
2
What is the units digit of (13/3)/(1/12)?
2
Let s = 0 - 30. Let t = -19 - s. What is the units digit of t?
1
Suppose 0*b + 24 = 4*b. Suppose 1 = -5*x + b*x. What is the units digit of x?
1
Let j(h) = -112*h**3 + 4*h + 4. What is the units digit of j(-1)?
2
Let c(g) be the second derivative of -g**4/12 - 5*g**3/3 - 7*g**2/2 - 2*g. What is the units digit of c(-6)?
7
Let u(b) = -10 + 5*b - 2*b - 4*b. Let w be u(0). What is the units digit of 12/10*w/(-3)?
4
Let d be (5 - 2)*(-6)/9. Let c = d + 4. Suppose c*s + 13 - 37 = 0. What is the units digit of s?
2
What is the tens digit of -386*((-27)/6 - -4)?
9
Suppose 5*l + 2*b = 4 + 12, 3*l - b - 3 = 0. Let g(n) = -3*n**3 + 2*n**3 + 6*n**2 + l*n + 6 - 9*n. What is the units digit of g(4)?
0
Suppose 4*y + k = 11, 3*y - 2*k - k + 3 = 0. Suppose -2*s - 8 = -c, y*c + c - 2*s - 8 = 0. Suppose c*r = 3*r - 18. What is the units digit of r?
6
What is the units digit of ((6/2)/9)/((-1)/(-3))?
1
Let b = 24 + -11. What is the units digit of b?
3
Let z(h) = -6 + 3*h + 5 + 0*h. Let p be z(-3). Let j = p + 20. What is the units digit of j?
0
What is the units digit of ((-80)/(-20))/(2*2/92)?
2
Suppose -5*o = -39 - 46. What is the units digit of o?
7
Suppose -3*x + 21 = 7*f - 2*f, -15 = -5*f. Suppose x*d + 14 = 4*d. What is the units digit of d?
7
Let a be ((-4)/(-5))/((-2)/(-5)). Suppose -a*z + 8 = 28. What is the units digit of (-74)/(-10) - (-4)/z?
7
Let a be (0/2)/2 + 7. Let l(x) = 2*x - 8. What is the units digit of l(a)?
6
Let u(i) = 2*i**3 + 2*i**2 - 2*i + 5. What is the units digit of u(2)?
5
Suppose -3*k + 3*q + 171 = 0, 0*q = -3*k - 2*q + 191. What is the units digit of k?
1
Let m = 12 - 9. Suppose 2*h - 1 + m = 0. What is the units digit of 6 - ((-3)/h - 2)?
5
Let i be 0*(-2)/6 - -2. Suppose 5*v + 4*z - 14 = 7*z, 0 = -2*v + 3*z + i. What is the units digit of v?
4
Suppose 2*g - 12 = -0*g. Let j = 0 + g. Suppose 0 = f - 8 - j. What is the units digit of f?
4
Let t = 15 + 2. Let v = t - 12. What is the units digit of v?
5
Let x(k) = -k**3 + 6*k**2 + 2*k + 2. Let i be x(5). What is the tens digit of (2 - 3)*(6 - i)?
3
Let i(h) = 0*h**2 + h**2 + 4 + h - 3. What is the units digit of i(2)?
7
Suppose 2*r + 5*b + 2 + 3 = 0, 0 = r - 2*b - 20. What is the units digit of r?
0
Suppose -x = 1 + 4. Let z(a) = -2*a - 1. Let t be z(x). Suppose 5 = u - 3*g - t, -3*g - 12 = 0. What is the units digit of u?
2
Suppose 360 = 10*r - 2*r. What is the units digit of r?
5
Let g(v) = -2*v**2 - 6*v**3 + 6*v**3 - v - 2 + 4*v**3. What is the tens digit of g(2)?
2
Let i = 113 + -79. What is the units digit of i?
4
Suppose 2*b = -10, f + 1 = -2*b + 6. Suppose -f = -3*u + 33. What is the units digit of (u/5)/(14/35)?
8
Suppose 7*s = 4*s. Suppose s = -3*o + 15 + 75. What is the tens digit of o?
3
Let k = 3 + 0. Suppose 0 = 3*b - 5*b + 22. Suppose 2*f + u + b = k*f, -5*u + 33 = 3*f. What is the tens digit of f?
1
Let h = 4 - 5. Let l(o) = -2*o**3 - 2*o**2 - o. What is the units digit of l(h)?
1
Let z(c) = 2*c**2 - 2*c - 7. Let r be z(-6). What is the tens digit of 2/(-8) + r/4?
1
Let w be (0 + -8)/(3 + -5). Suppose n + 0*n = -2*d + 11, 5*n + 29 = w*d. Let p = d + -2. What is the units digit of p?
4
Let s = 119 + -30. What is the tens digit of s?
8
Let t(i) = 47*i - 4. What is the units digit of t(2)?
0
Let v = 1 - -47. What is the units digit of v?
8
Let n = 465 + -308. What is the hundreds digit of n?
1
Let j(r) = 6*r**3 + 10*r**2 + 6*r + 3. Let a(v) = v**3 + v**2 + v + 1. Let d(w) = 5*a(w) - j(w). What is the units digit of d(-5)?
7
Suppose 2*c + 1332 = 11*c. What is the hundreds digit of c?
1
Suppose 5*d - 102 - 13 = 0. Let a = 45 - d. What is the units digit of a?
2
Let o(u) = -u**3 - 4*u**2 + 3*u + 2. Let c(t) = 1 - 3*t**3 - 1 + t - 3*t**3. Let x be c(1). What is the units digit of o(x)?
2
Suppose -3*o + 4*m = -108, -2*o + 215 = 3*o + 5*m. Suppose 0 = -5*p + o + 20. What is the tens digit of p?
1
Let x be (33/4)/((-3)/16). Let r = -15 - x. What is the units digit of r?
9
Let z(m) = 4*m - 3. Let v be z(1). Let n = 29 - v. What is the units digit of n?
8
Let j = 9 + -4. Suppose 36 = 3*z + 3*p, -3*z + 0*p + 44 = j*p. What is the units digit of z?
8
Let t(y) = -y**3 + y**2 + 2. Let p be t(0). Suppose -a = i - 6, 20 = 5*i + 5*a - p*a. What is the units digit of i?
1
Let d(o) be the second derivative of o**4/12 + 7*o**3/6 + 4*o**2 + 2*o. What is the units digit of d(-6)?
2
Let w(h) = 5*h - 4. Let c be w(-5). Let v = 40 + c. What is the units digit of v?
1
Suppose -15 = c - 6*c. What is the units digit of 2/c + (-6)/(-18)?
1
Let z be (-1)/(3/(6/(-2))). What is the tens digit of (z - -10)/1 - -1?
1
Let d(i) = 86*i - 3. What is the tens digit of d(3)?
5
Let d = 0 - 2. Let z = 14 - d. What is the tens digit of z?
1
Let j(x) = -x**3 + 2*x**2 - 5*x + 5. Let s(a) = -a**3 + 2*a**2 - 5*a + 4. Let q(c) = 2*j(c) - 3*s(c). What is the units digit of q(4)?
0
What is the tens digit of (-52)/(-3)*12/8?
2
What is the units digit of 53*(-1)/(0 + (-1)/2)?
6
Let n(f) = -14*f**3 - 6*f**2 + f + 1. Let s(j) = -3*j**3 - j**2. Let o(p) = -2*n(p) + 11*s(p). What is the tens digit of o(-2)?
4
Suppose -46 = -4*q + 74. What is the tens digit of q?
3
Let f = -40 - -25. Suppose -5*l + 129 = -4*a, 2*l - 140 = 5*a - 0*l. Let v = f - a. What is the units digit of v?
1
Let h(o) = 12*o**3 - 7*o**2 + o - 7. Let k(q) = -18*q**3 + 11*q**2 - 2*q + 11. Let i(p) = -8*h(p) - 5*k(p). What is the units digit of i(-1)?
6
Let v = 46 - 19. Suppose -3*i + 78 = -v. What is the units digit of i?
5
Let a(u) = u**3 - 13*u**2 - 13*u - 10. What is the units digit of a(14)?
4
Suppose t = 2*t - 3. Let d = t + 8. What is the units digit of d?
1
Let i(s) = -s**3 + 10*s**2 + 4*s + 9. Let p be i(10). Let t = -34 + p. What is the tens digit of t?
1
Let x(h) = -2*h + 1. Let k be x(1). What is the tens digit of 2 + (-28)/k + -1?
2
Let i(m) = m**2 - 9*m + 8. Let g be i(8). Suppose 0 = -5*y - g*y + 5. What is the units digit of y?
1
What is the units digit of (-5 - -2)*6*(-4)/18?
4
Let u(v) = -v**2 - 6*v - 5. Let q be u(-4). Suppose -2*p + q = -p. What is the units digit of p?
3
Suppose -324 = -4*a + 4*t, 3*t - 126 = 5*a - 523. What is the tens digit of a?
7
Let d(t) = -31*t - 2. What is the tens digit of d(-2)?
6
Let r = -8 - -15. Let m(t) = -t**3 + 6*t**2 + 7*t + 3. Let q be m(r). Let w = q - 1. What is the units digit of w?
2
Let t be (-2266)/6 + 1/(-3). Let b be (-2)/(-10) - t/35. Let c = b - 7. What is the units digit of c?
4
Let d be 0 - (2 - 5) - 1. Let c be 0/d - 10/(-2). Suppose -p = 4*p - c. What is the units digit of p?
1
Suppose -5*q + 4*g = -80, q = -2*g - 1 + 3. What is the units digit of (-6)/(-2)*q/18?
2
Let r(t) = -t**3 - 4*t**2 - 2*t + 6. Let n = -17 + 13. What is the units digit of r(n)?
4
Let s be (1 - -1) + 1*65. Suppose -3*j - 2*u = -0*j - s, u = 3*j - 52. What is the units digit of j?
9
Let c(q) = -q**3 + 5*q**2 + 6*q. Let m be c(6). Suppose 3*b = -m*b + 36. What is the units digit of b?
2
Let l = 472 + -305. What is the tens digit of l?
6
Let a(u) = 4*u**2 - 2*u + 1. Let o be a(1). Suppose -3*w = -4*w + 3. Suppose 0 = o*p + 4*i - 53, -2*p - w*i + 40 = 2*i. What is the units digit of p?
5
What is the units digit of (8 + -5)*76/6?
8
Let p(r) = r**3 - 21*r**2 + 12*r + 25. What is the tens digit of p(21)?
7
Let f = -23 + 38. Suppose 2*d + 23 = 3*g, -4*g - g + 39 = -3*d. Let y = f - g. What is the units digit of y?
6
Let m(f) be the second derivative of f**4/6 - 4*f**3/3 + 4*f**2 - 2*f. What is the units digit of m(6)?
2
Let f(z) = -z**2 - 8*z - 3. Let i be f(-8). Let s = 5 + i. Suppose 35 = s*o + 3*o. What is the units digit of o?
7
Suppose -9 = 4*b + 15. Let u = 8 - b. What is the units digit of u?
4
Suppose 2 - 7 = 5*v. Let a be v + (6/3 - -1). Suppose 4*g - a = 2. What is the units digit of g?
1
What is the units digit of 1 + -1 - ((0 - 87) + 4)?
3
Suppose 0 + 3 = -2*z - 3*m, -5*m = 5. Suppose 0 = t - c + 5*c, z = 5*t + 4*c - 32. What is the units digit of t?
8
What is the tens digit of (-31 + 1)*8/(-6)?
4
Suppose 0 = 3*d + 7 - 19. Let c be (0 - d) + 2 + 5. What is the tens digit of -1*(-3)/c - -10?
1
What is the tens digit of (-1)/3 - 230/(-6)?
3
Suppose 7*g - 2*g + 10 = 0. Let p be (g - -5)/6*0. Let x = p - -8. What is the units digit of x?
8
Suppose 0*g = -g + 1. 